ctors of h(-6)?
3, 7
Let c(t) = -19*t - 3. Let p be c(15). Let s = 103 + p. What are the prime factors of (s/(-10) - -1)*2?
3, 13
Let h = 4678 - -14963. What are the prime factors of h?
3, 6547
Suppose 40*g + 30 = 50*g. Suppose 0 = 2*f + 2*o + 2*o - 1456, -2*f + g*o = -1491. List the prime factors of f.
2, 3, 41
Let d(h) = 614*h + 545. What are the prime factors of d(19)?
12211
Let m = 3630 - -14436. List the prime factors of m.
2, 3, 3011
Let o = 490 - 492. Let l(k) = 54*k**2 + k - 4. List the prime factors of l(o).
2, 3, 5, 7
Suppose -2*r = 6, -4*q = 2*r - 258776 + 19942. What are the prime factors of q?
2, 5, 7, 853
Let s(x) = x**2 - x + 1. Let r be 1*-4 - (-98)/(-7). Let w(p) = -54*p**2 + 10*p - 10. Let t(d) = r*s(d) - 2*w(d). What are the prime factors of t(1)?
2, 3, 5
Suppose -2647*j - 12701 = -2652*j + 31444. List the prime factors of j.
3, 109
Let y be (143/(-65))/(1/(-5)). Suppose -4*n - y = -5*c - 0*c, -5 = -3*c + 4*n. What are the prime factors of (-22)/6*-1*90/c?
2, 5, 11
Suppose -5*m - m = -24. Suppose 20 = -4*y + 2*z - 0, 32 = -m*y + 5*z. Let k(p) = -p**3 + 2*p**2 + 2*p + 5. List the prime factors of k(y).
2, 11
Let x(p) = -p**3 + 20*p**2 + 7*p - 39. Let l be x(16). Suppose 0 = 10*o - l - 503. List the prime factors of o.
2, 5
Suppose -2*p - 2*y - 58 = 0, -4*y + 92 = -4*p - 2*y. Let q be (-2 - ((-3 - -5) + -3))*p. What are the prime factors of (4 + 0 - 3) + q?
2, 13
Let t = -272 - -513. Suppose -131 = -2*u - 4*i + t, 536 = 3*u - 5*i. What are the prime factors of u?
2, 7, 13
Let s(w) = w + 28. Let h be s(-23). Suppose 0 = -0*t - h*t - 15. List the prime factors of 42*(1/2)/(t/(-6)).
2, 3, 7
Suppose -15*d + 111245 = -221800. What are the prime factors of d?
3, 2467
Suppose -23*r + 149952 = 4*r - 3*r. List the prime factors of r.
2, 11, 71
Let h be (-42)/(-8) + (-2)/8. Suppose 0 = -7*x + 5*j + 70, -16*x = -12*x - 4*j - 48. Suppose -x*n + 33 = -3*m + 259, 5*n = h. What are the prime factors of m?
7, 11
Let x be 16/(-64) + (-3790)/8. Let q = x - -746. List the prime factors of q.
2, 17
What are the prime factors of (-302355)/(-30)*2 + 15?
2, 3, 41
Let z be 5665/(-5) + (5 - 0). List the prime factors of (-2 - -23)/((-36)/z).
2, 7, 47
Let m(h) = 7*h**2 - 8*h + 2. Let p be m(3). Suppose -p*j = -37*j - 4104. What are the prime factors of j?
2, 3, 19
Let p = 185 + -656. Let w = 1930 + p. What are the prime factors of w?
1459
Let s(r) = 17*r**2 - 4*r + 1. Let m be s(2). Let o = 131 + m. What are the prime factors of o?
2, 3
Let c = -15982 + 105598. What are the prime factors of c?
2, 3, 1867
Suppose -c - 135 = -2*c. Let h(q) = -q**2 - 124*q - 2319. Let x be h(-23). Suppose -c = k - x*k. What are the prime factors of k?
3, 5
Suppose -76*j = -102*j + 14820. What are the prime factors of j?
2, 3, 5, 19
Let v(u) be the third derivative of -u**6/120 + u**5/15 - u**4/24 + 3*u**3/2 + 66*u**2. List the prime factors of v(4).
5
Let v = -48 + 51. Suppose z - 404 = -v*z. Let t = z - -27. What are the prime factors of t?
2
Let c = -899 - -599. Let d = 505 + c. What are the prime factors of d?
5, 41
Let a(w) = 19 - 6*w - w**2 - 2*w + 20*w. Let c be a(13). What are the prime factors of (-14)/(-4)*(12/c - 0)?
7
Suppose -6*r + 138597 = -170569 - 70658. List the prime factors of r.
2, 41, 193
Let h = -592 - -2508. What are the prime factors of h?
2, 479
Suppose 2*a + 0*a - 4*k = -40, 5*k + 175 = -5*a. Let f = 28 + a. List the prime factors of (-15*5/(-15))/(f/(-16)).
2, 5
Let m(j) = 43991*j - 218. What are the prime factors of m(1)?
3, 14591
Let o(i) be the second derivative of 3*i**5/20 - 3*i**4/4 - 2*i**3/3 + i**2 - 3*i. Let t = -439 - -444. List the prime factors of o(t).
2, 3, 11
What are the prime factors of (1/(-6))/((-1)/12) - -15189?
11, 1381
Let r = -16061 + 44170. List the prime factors of r.
28109
Let x = -2929 + 4278. List the prime factors of x.
19, 71
Let r = -61 + 61. Let z be r/(-2)*1/2*-1. Suppose a = -z*a + 102. List the prime factors of a.
2, 3, 17
Let z(u) = 232*u + 45. Let f be z(2). Suppose -87 = -5*a - 3*i + f, i = -a + 118. List the prime factors of a.
11
Let j be 20/(-10)*(-59)/(-2). Let g = 59 + j. Suppose g = m - 5 + 1. List the prime factors of m.
2
Let u = -231 - -321. List the prime factors of 12360/u + 4/(-3).
2, 17
List the prime factors of (-1 + 5)/((-12)/28 + 8024/18592).
2, 83
Let g = 235 - 145. Let q be 20/(-15)*(-6 - 0)*2. Let v = q + g. List the prime factors of v.
2, 53
Let n = -1729 + 1729. Let s = 6 - 6. What are the prime factors of (-1 - (n - s)) + (82 - -17)?
2, 7
Let k be 21 - (9/3 - (7 + -5)). Let y = -14 + k. Let o(l) = l**3 - 4*l**2 - 8*l + 6. What are the prime factors of o(y)?
2, 3, 5
Let r = 34109 + -17414. What are the prime factors of r?
3, 5, 7, 53
Let j(v) = 4*v + 106. Let u = 370 - 329. What are the prime factors of j(u)?
2, 3, 5
Let g(d) = -16*d + 21. Let c be g(-19). Let q = -94 + c. What are the prime factors of ((-5)/(-4))/(-1 - q/(-228))?
5, 19
Suppose 0 = 4*f - 9322 - 19266. List the prime factors of f.
7, 1021
Let d(v) = 1022 - 363 + 25*v - 406 + v**2 - 410. List the prime factors of d(21).
809
Let o(i) = -30*i - 52. Let n be o(-24). Suppose -3*f + n = 5*l - 56, -592 = -4*l + 4*f. List the prime factors of l.
2, 73
List the prime factors of 10 - (-17 + 12 - 6475).
2, 5, 11, 59
Let l be 2227/393 + 1/3*-2. Suppose 4*g - 788 = -2*x, -l*g = 13 + 7. List the prime factors of x.
2, 3, 67
Let z = 4 + 9. Let l(t) = -2*t + 26. Let o be l(z). Suppose o = -2*x + 4*a + 52, 5*a = 2*a + 3. What are the prime factors of x?
2, 7
Let m = 1819 - 1955. Let d be 4/(-14) + 458/(-14). What are the prime factors of d/7 - -5 - m/14?
2, 5
Let o(q) = 1013*q**3 - 5*q**2 + 22*q + 7. List the prime factors of o(3).
11, 19, 131
What are the prime factors of 46553 + 29/((-783)/(-324))?
5, 67, 139
Suppose 0 = 3*p + 3*k - 961 - 854, 3*p = 3*k + 1797. Let h = -318 + p. What are the prime factors of h?
2, 71
Let h(t) = -4*t + 4*t**2 + 23 - 3*t**2 - 6*t - t. What are the prime factors of h(-16)?
5, 7, 13
Suppose 4*i = 2*g + 41028, -4*g + 8619 = 4*i - 32409. List the prime factors of i.
3, 13, 263
Let k = -2621 - -4646. List the prime factors of k.
3, 5
Suppose -3*t + 3248 = 5*i, -5*t - 3*i = 271 - 5663. What are the prime factors of t?
2, 269
What are the prime factors of ((-2)/4)/(4874898/348208 - 14)?
2, 3109
Let w(h) = -h**3 - 22*h**2 - 446*h - 304. What are the prime factors of w(-39)?
67, 641
Let a(t) = 29*t**2 + t - 83. Let o(x) = -15*x**2 - x + 42. Let n(i) = 6*a(i) + 11*o(i). What are the prime factors of n(9)?
2, 3
Let b be (60/(-8))/((-1)/2). Suppose 5*l - 3*i - 23 = -4, 0 = l + 5*i - b. Suppose -l*a + 373 = -287. List the prime factors of a.
2, 3, 11
Suppose 5*h - 5*f - 25 = 0, -4*h - 20 = -8*h - 5*f. Suppose 5*m - 4510 + 1465 = -h*i, 0 = -2*m. What are the prime factors of i?
3, 7, 29
What are the prime factors of (12/18)/((-40)/(-155580))?
2593
Suppose 0 = 3*f - 4938 - 21615. What are the prime factors of f?
53, 167
Suppose 6*g = 4*g - 8. List the prime factors of -358*(12/18)/(g/3).
179
Let h(p) = -2846*p**3 - 14*p**2 - 2*p - 2. What are the prime factors of h(-1)?
2, 3, 59
Suppose -5*p - 37506 = -126131. List the prime factors of p.
5, 709
Let d be ((-8)/24)/(10/12)*25. Let m(k) = k**3 + 10*k**2 - k + 20. Let a be m(d). List the prime factors of a/(-12)*(-98)/5.
7
Let m(y) = -y**2 - 8*y - 9. Let h be m(-6). Suppose 3*z = -h*r + 207, 0 = -7*r + 4*r - 5*z + 215. Suppose -64 = -x + r. What are the prime factors of x?
3, 43
Suppose 21*c + 110 = -16. What are the prime factors of 44679/106*(-4)/c?
281
Let u = 6527 - 2717. What are the prime factors of u?
2, 3, 5, 127
Suppose b = 2446 + 5354. Suppose -12*j = j - b. List the prime factors of j.
2, 3, 5
Suppose -105064 = 3*o - 29*o + 102390. List the prime factors of o.
79, 101
Let g(d) = -3*d**3 + 4*d**2 - d - 8. Let q(b) = 3*b**3 - 4*b**2 + 8. Let i(w) = -7*g(w) - 6*q(w). List the prime factors of i(5).
2, 3, 53
Suppose -66 + 58 = -2*k. What are the prime factors of (0 + 532 - k) + (11 - 6)?
13, 41
Let m(u) = -2*u**2 - 13*u + 4. Let t be m(-7). List the prime factors of (-144)/(-84)*(38 + t).
2, 3, 5
Let b(s) = -17*s + 10. Let z be b(-5). Suppose -h = -w + z - 288, 5*h + 5*w - 945 = 0. Let u = -68 + h. What are the prime factors of u?
3, 41
Suppose 0*c = -4*c - 276.